 a prime number?
True
Let v = 447 + 184. Is v prime?
True
Is 2*4/(8/121) prime?
False
Let i(t) = 10*t - 3 - 5*t + t**2 + t. Suppose 2*g + 2*m = -m + 23, -g = -3*m + 11. Is i(g) a composite number?
False
Let t(n) = n + 12. Let k be t(-9). Is 149 + (k - (-6)/(-2)) a prime number?
True
Let z(a) be the first derivative of -a**2/2 + 12*a - 1. Let r be z(9). Suppose -16 = -n + 3*q, -2*n = r*q + 14 - 55. Is n composite?
False
Let h(i) be the second derivative of -i**4/12 - 4*i**3/3 + 3*i**2 + 3*i. Let d be h(-6). Let s = d + -3. Is s composite?
True
Suppose 3*v + 0*v - 9 = 0. Is (0 - 485)/((-3)/v) a prime number?
False
Let s be 3/1 + (1728 - -5). Suppose 3*n - 3 = 0, -5*n - s = -5*v + 1434. Is v composite?
True
Suppose 2*z - 54 + 213 = 3*v, 3*z = 0. Is v a prime number?
True
Let k = 13 + -9. Suppose -h - 6 - 4 = -4*c, 0 = -3*c - h + 4. Suppose 0 = c*s - 6*s - 5*z + 69, 20 = k*z. Is s prime?
True
Let a(i) = i**3 + i**2 + 1. Let q(s) = 7*s**3 + s**2 + 3*s. Let u(f) = -2*a(f) - q(f). Is u(-3) a prime number?
True
Let i = 57 - -48. Suppose g - 5*f = 22 + 1, -i = -3*g - 3*f. Is g prime?
False
Let d(l) = -l**2 + 6*l - 2. Let x be d(6). Let n be x/((-6)/(-3))*-2. Is 29*2/n - -2 a prime number?
True
Let j(k) = 195*k + 2. Is j(3) a composite number?
False
Suppose -3 = -2*j + 43. Let x = -14 + j. Is x a prime number?
False
Let w be (-1)/(2*(-3)/6). Let q(a) = -3*a**2 + 1 - 2*a - 3*a**3 + w - 3. Is q(-3) composite?
False
Let n = 823 - 545. Is n prime?
False
Suppose 3*z = 4*z. Suppose -2*v + t = -222, z = 5*v + 4*t - 667 + 86. Is v a prime number?
True
Let w(a) = a + 111. Is w(0) prime?
False
Let i(q) = 5*q**2 - 2*q + 2. Let m be i(1). Is (58/6)/(m/165) composite?
True
Let z = -5 - -5. Suppose z = 2*v - 5*i - 75, -v + 60 = v - 2*i. Is v prime?
False
Let o(n) = -3*n**2 - 65*n**3 + n + 2*n**2 - 2*n. Is o(-1) prime?
False
Let z be 2 + 253 - (-2 + 3). Suppose j - g = 116, -4*j + 170 = 4*g - z. Is j a prime number?
False
Let v be (-4)/(-6) - 14/(-6). Let a(y) = -4*y**2 - y + 1 - 3*y**2 + 21*y**v + 7*y**2. Is a(1) prime?
False
Let p(f) = 41*f + 6. Let q(h) = -7*h - 1. Let t(b) = -6*p(b) - 34*q(b). Is t(-3) prime?
False
Let o(g) = 4*g**2 + 4*g - 1. Let y(k) = 4*k**2 + 5*k. Let p(s) = 4*o(s) - 3*y(s). Is p(3) a prime number?
False
Suppose 1482 = 3*q + x, -2*q = 4*x + 182 - 1180. Is q prime?
False
Let f(c) = -c**3 + 2*c**2 + 4*c. Let b be f(3). Suppose 0*g = -3*n - b*g + 429, -g = -3*n + 421. Is n a composite number?
True
Is 0 + 293 - 12/(-6) a prime number?
False
Let p(m) be the first derivative of m**3/3 - 3*m**2 - 6*m - 7. Is p(-3) a prime number?
False
Let o be ((-10)/4)/(1/(-8)). Let c = o - 14. Suppose c*j - 265 = j. Is j composite?
False
Let b = 22 - 21. Suppose -b - 763 = -4*p. Is p a composite number?
False
Suppose -2678 - 1988 = -2*a. Is a prime?
True
Let n be (-4)/10 - (-64)/10. Let b(l) = -l**2 + 9*l - 14. Let z be b(7). Suppose -n*h + 5*h + 58 = z. Is h composite?
True
Suppose 3*q = 3*j - 4503 + 1464, -3*q = 2*j - 2006. Suppose 4*t + 3*x = 1343, 2*x + j = 3*t + 6*x. Is t a prime number?
False
Let m(o) = -o**3 - 9*o**2 + 17*o + 12. Is m(-13) a prime number?
True
Suppose 5*b + 8 = 3*b, -n = 5*b - 971. Is n a prime number?
True
Let n(o) = o**3 + 3*o**2 + 5*o - 8. Is n(5) a prime number?
False
Let i be -1 - (-3995 + -1)/4. Let f = i - 601. Is f a composite number?
False
Let w = 9 + -6. Suppose 4*j - 371 = w*j. Is j composite?
True
Suppose 3*j + 0*j - 222 = 0. Let i = j - -4. Suppose -5*b = -3*o - 170, -b = 2*b + 3*o - i. Is b composite?
False
Suppose -4*j + 2*g = -10219 - 6969, -12891 = -3*j + 4*g. Is j prime?
True
Let v(w) = 4*w**2 + 8*w + 7. Is v(-5) composite?
False
Let m(y) = 3*y**3 + 3*y**2 - 2*y - 3. Let r(x) = -x**3 - x**2 - 1. Let q(s) = m(s) + 2*r(s). Is q(6) composite?
True
Let p = 30 - -4. Suppose 0*f + f = p. Let u = f - -33. Is u prime?
True
Let o(r) be the first derivative of -59*r**2/2 - r + 1. Let c be o(-1). Suppose 2*w + 14 = c. Is w composite?
True
Let v(u) = u**3 + u**2 - 5*u - 4. Let m be v(-3). Let g(x) = -26*x + 9. Is g(m) prime?
True
Let c(l) = -l + 36. Is c(-15) a composite number?
True
Suppose 2*v + 2 + 0 = 0. Suppose 11 = 5*i + 3*z - 4, 2*z + 12 = 4*i. Is (13 - i)/(0 - v) a prime number?
False
Is (-4 - (0 - -263))*-1 a prime number?
False
Suppose -6*x + 8 = -2*x. Suppose -63 = -x*c - c. Is c a composite number?
True
Suppose -4*s - 111 = 5*b, -b + 0*b = -3*s - 107. Let x = 71 + s. Is x composite?
False
Is 2/(-6) + (0 - (-14000)/6) prime?
True
Suppose 411 - 146 = 5*r. Is r composite?
False
Let b(a) be the second derivative of 22*a**3/3 + a**2/2 + 9*a. Let r(h) = -h - 1. Let m be r(-3). Is b(m) a prime number?
True
Suppose 0 = 2*v + 3 + 1. Let g(d) = 1 + 0*d - 2*d**3 + 4*d**2 + d - 2*d**2. Is g(v) prime?
True
Suppose 4*b + 1 = -3, 0 = 4*i - 2*b - 22. Let a(u) = -1 + 19*u - 2 + 1. Is a(i) a composite number?
True
Let r(j) be the first derivative of 33*j**4/4 - 3*j**2/2 + 3*j + 1. Let i be r(3). Suppose 9*n - 4*n = i. Is n a prime number?
False
Let v(a) be the first derivative of a**4/4 - a**3/3 + 3*a**2/2 - 2. Let q(y) be the second derivative of v(y). Is q(2) a prime number?
False
Suppose r = 6*r - 2675. Is r a prime number?
False
Let z = -244 - -360. Suppose b - 3*x - 94 = 0, -5*x - z - 304 = -5*b. Is b prime?
True
Let c = 52 - 21. Is c composite?
False
Suppose -231 = -3*f + 5*r, -f + 385 = 4*f + 5*r. Is f prime?
False
Suppose 2*g + 2*a = 44, 5*g + a - 122 = -28. Suppose -16*k + g*k = 358. Is k a prime number?
True
Suppose 5*s = -t - 0*s + 1759, 0 = -2*t + 5*s + 3503. Suppose t = 4*j + 582. Is j prime?
True
Let h(f) = 13*f**2 - 2*f - 1. Let m be -2*(-3)/12*-2. Let s be h(m). Suppose -5*n + s = -0*v + v, 5*v - 5*n = 10. Is v a prime number?
False
Let v be (-2 + (-533)/(-2))*2. Suppose 2693 = 5*u + 3*k, -u - 3*k + v = -0*u. Is u a composite number?
False
Let y(a) = 5*a - 7. Let q be y(6). Let v = 42 - q. Is v a composite number?
False
Let x = -10 + 32. Is x a composite number?
True
Is ((-18)/(-4) - 3)*26 prime?
False
Let s(v) = v**3 - v**2 - 2*v - 2. Let y = -10 - -14. Is s(y) prime?
False
Suppose 116 - 582 = -g. Suppose 0*u + g = 2*u. Is u a composite number?
False
Suppose 9 = -2*k + 5*k. Suppose -k*a - 11 = 43. Is 26*-3*3/a a prime number?
True
Let v(r) = -r + 3. Let i be v(0). Is i + 1/((-3)/(-324)) a prime number?
False
Let q(h) = -h**2 - 15*h - 8. Let f be q(-14). Suppose -f*c = -8*c + 762. Is c a prime number?
False
Suppose 3*f = 5*h - 1865, -5*h + 0*h - 5*f + 1865 = 0. Is h a composite number?
False
Suppose 3*j + 6 = 5*j. Suppose 6 = -2*d, -j*d + 48 - 4 = k. Suppose -4*o = 4*i - 52, -i + 0*i = 5*o - k. Is o composite?
True
Let w be (-45)/(-35) + 4/(-14). Is ((-42)/(-15))/(w/5) composite?
True
Let d be 3/12 - (-4406)/8. Suppose 4*b + d = -3*i, 3*i - 73 = 2*b + 180. Is b*(1 - (-9)/(-6)) a prime number?
True
Suppose 0*p + 5*o = 3*p - 237, -4*o + 316 = 4*p. Is p a composite number?
False
Let m be ((-6)/(-8))/((-5)/(-40)). Suppose -2*k = -m*k + 316. Is k prime?
True
Suppose -3*b + 1325 = -4*d, 4 = -5*d + 3*d. Suppose b = 3*w - 32. Is w a composite number?
False
Suppose 52 = 2*h + 16. Suppose 5*m - 12 = h. Suppose 3*j - m = 0, 5*j - j + 13 = 3*f. Is f prime?
True
Let x(d) = -62*d. Let g be x(-3). Suppose 3*l - g = -3*l. Is l composite?
False
Let d = -1219 - -2368. Is d prime?
False
Let p(w) = -3*w - 3. Let a be p(-4). Let u be 2/(-9) - (-20)/a. Suppose 3*m + y - 113 = 0, u*m + 2*m - 140 = -4*y. Is m prime?
False
Suppose 0 = -2*y - 114 + 432. Let p = 236 - y. Is p a composite number?
True
Suppose 5*v = -2*h + 3*h, 3*h = v. Suppose -4*u + k + 53 + 179 = v, 2*u + k = 122. Is u prime?
True
Let j = 4 - 1. Suppose j*c - 5*f - 493 = 0, -2*f = -2*c + f + 329. Suppose -148 - c = -2*u. Is u a composite number?
False
Let h(i) = 1 - 7*i**2 - 4*i**3 + 3*i - 8*i - 5 + 1. Is h(-4) prime?
False
Let n(r) = r - 1. Let y be n(6). Suppose 6*q = y*q + 497. Is q composite?
True
Let c(b) = -13*b**3 - 2*b**2 - 2. Is c(-3) a composite number?
False
Suppose -2*y + 2481 - 741 = 0. Suppose 0*a + 3*a + 630 = 3*h, 4*h = -2*a + y. Let d = 418 - h. Is d composite?
True
Let k(x) = -5*x**2 + 4*x + 1. Let p be k(-2). Let f(n) = -6*n - 6. Let z be f(6). Let a = p - z. Is a a composite number?
True
Let d(o) = o**2 + 12. Let i be d(9). Suppose -i = -6*g + 3*g. Is g a pri